 = 26 + -3. Does 23 divide i?
True
Suppose 5*x = x - 28. Let r(u) = -u**3 - 6*u**2 + 8*u - 5. Let c be r(x). Let n = 6 - c. Is 10 a factor of n?
False
Let m = 28 - -14. Does 3 divide m?
True
Let r be ((-20)/(-8))/((-2)/116). Let v = -93 - r. Is 18 a factor of v?
False
Does 20 divide (2/3)/((-5)/(-510))?
False
Let y(q) = q**3 + 7*q**2 - 4*q - 25. Does 4 divide y(-5)?
False
Is 48 + (-24)/40 + 12/(-5) a multiple of 5?
True
Let m = 7 + -9. Let b = m + 5. Suppose 2 = b*g - 67. Is g a multiple of 7?
False
Let x(a) = a**2 + 5*a + 6. Is x(-8) a multiple of 4?
False
Let h = 26 + -11. Let t = -26 + 37. Suppose t = y - h. Is 13 a factor of y?
True
Suppose 6*r - r + 2*b - 986 = 0, 3*b = 5*r - 996. Is 18 a factor of r?
True
Suppose 0 = -y - 3*h + 18, 2*y - 3*y = 4*h - 21. Suppose y = 4*k - 3. Is 3 a factor of -1*3/(2 - k)?
True
Let a(p) = p**2 - 10*p - 3. Let u(m) = -m**2 + 11*m + 2. Let q(v) = 5*a(v) + 4*u(v). Let w be q(7). Is 17 a factor of (-45)/(w - 3) + 2?
True
Suppose 2*x + 2*v - 6 = 0, x + 3 = 2*x - 5*v. Suppose 0 = -x*s + s + 16. Is 2 a factor of s?
True
Let a(g) = 44*g**2 - 2*g + 1. Does 24 divide a(1)?
False
Suppose 8 = 2*a - 2. Suppose 2*j = -a*x + 6, 0*x - x = -j + 3. Is 10 a factor of (x + -2)*-6 - 2?
True
Let k(g) = g**3 + 9*g**2 + 7*g - 2. Let m(o) = o**3 + 10*o**2 + 8*o - 3. Let x(r) = -7*k(r) + 6*m(r). Let f be (2/(-3))/((-2)/(-12)). Is 9 a factor of x(f)?
False
Let r = -100 - -177. Does 11 divide r?
True
Let d(s) = -s**3 + 7*s**2 - 3*s + 6. Let n(g) = 2*g - 2. Let z(p) = -p**2 + 5*p + 4. Let q be z(5). Let c be n(q). Does 12 divide d(c)?
True
Suppose -3*d + 117 = 5*n, 2*d = 4*n + n - 97. Is n a multiple of 21?
True
Suppose 0 = 3*q - 5*f - 488, 5 = -7*f + 2*f. Does 23 divide q?
True
Let g = 2 - -3. Suppose 44 = 4*y + 2*n - 6*n, 0 = g*y + 2*n - 34. Does 5 divide y?
False
Let a(m) = m + 1. Let p be a(-1). Suppose p*l - 4 = -2*l. Is (-52)/1*l/(-4) a multiple of 13?
True
Let u be 0 + -3 - (6 + -20). Let k = 23 - u. Is 7 a factor of k?
False
Suppose -3*p = -p - 32. Is p a multiple of 4?
True
Let z = 4 - 0. Suppose -4 = -4*y + z*f, -4*f + 36 = -y + 5*y. Let l = y + 17. Does 9 divide l?
False
Suppose -6 = 3*y - 39. Let r = y - 6. Does 4 divide r?
False
Let z = 0 + 0. Suppose v + x - 10 = 0, 4*v + 3*x = 38 - z. Does 5 divide v?
False
Let f(r) = r**3 + r**2 - 4*r + 2. Let x be ((-3)/(-2))/((-30)/(-80)). Is 26 a factor of f(x)?
False
Let b(i) = i**3 - 2*i**2 - 2*i + 5. Let a(g) = g - 3. Let m be a(7). Does 11 divide b(m)?
False
Let g(z) = -z**2 + 5*z - 6. Let j be g(4). Let q(m) = -7*m**3. Let a be q(j). Suppose r = 4*i - a, 18 = 2*i - r - 12. Is i a multiple of 10?
False
Suppose -9*p = -7*p - 2. Let o(t) = 4*t + 1. Is 5 a factor of o(p)?
True
Is 0 + -1 - (-43 - 9) a multiple of 17?
True
Suppose -3*g = 2*g - 15, -4*v + 3*g = -7. Is 18 a factor of 18 + v + (3 - 4)?
False
Let p = 54 - 28. Is p a multiple of 8?
False
Does 15 divide (-46)/((3 + -1)*(-1)/6)?
False
Let a be 182/(-28) - (-2)/4. Let p = a - -12. Is 4 a factor of p?
False
Is 26 a factor of (1398/12)/((-5)/(-10))?
False
Let i(w) = 4*w**2 + 3. Does 19 divide i(-2)?
True
Let r be 1/(-5) + (-416)/20. Let d be (-108)/(-14) - 6/r. Is (0 + -18)/((-6)/d) a multiple of 12?
True
Suppose -p = -2, 3*r - 5*p = -0*p - 4. Suppose r*n + 52 = 6*n. Is n a multiple of 13?
True
Let r = 1 + 1. Suppose y - 1 = -r. Let a(o) = 7*o**2 - o. Does 8 divide a(y)?
True
Let q = -3 + 8. Does 5 divide q?
True
Let p be (0 - -1)*82 - 2. Suppose 3*q = -2*q + p. Does 11 divide q?
False
Let l = -9 + 13. Does 2 divide l?
True
Suppose 66 = -0*f + 3*f - 3*g, -2*f + 56 = -5*g. Does 11 divide f?
False
Let g be 0 - -3 - 2 - 1. Let w(i) = -i + 24. Does 9 divide w(g)?
False
Is ((-2)/2*4)/((-3)/12) a multiple of 8?
True
Suppose q = -2*b + 10, 0 = 2*q + q + 2*b - 18. Let s be (2 + 1)*q/(-6). Let k = s - -8. Is 3 a factor of k?
True
Let i = 23 + 9. Let x = i - 10. Does 8 divide x?
False
Suppose 0*c + 2*a + 50 = 4*c, -55 = -3*c - 2*a. Let d be (-4)/(-10) - 186/c. Is 10 a factor of (15/9)/((-2)/d)?
True
Let x be (1 + -2)*0/3. Suppose 2*m - 6*m + 12 = x. Suppose 2*w + 58 = 4*d, d + m*w - 14 = 18. Is d a multiple of 14?
False
Let r = 3 + -27. Let f = 48 - r. Is 24 a factor of f?
True
Let r(c) be the first derivative of -c**4/4 - 4*c**3/3 + c - 1. Let p be r(-2). Let o = p - -23. Does 8 divide o?
True
Let t(n) = n**3 - 3*n**2 - 3*n - 3. Let b be t(4). Let g = b + -10. Let r = g - -17. Does 4 divide r?
True
Let g = -145 + 177. Is 32 a factor of g?
True
Let z = 3 - 5. Let c = -3 - z. Does 10 divide (c + (-2)/(-1))*10?
True
Let z(l) = 3*l**2 - 3*l + 5. Let m(o) = 3*o + 3 - 5*o + 1. Let t be m(4). Does 22 divide z(t)?
False
Suppose -45 = -b + 3*a, 5*b - 3*a - 66 = 183. Is b a multiple of 13?
False
Let c = 12 + -18. Let f(r) = -r**3 - 6*r**2 - r + 5. Is f(c) a multiple of 7?
False
Let q be 209/4 - (-3)/4. Suppose -x + q + 13 = 0. Is 22 a factor of x?
True
Let i be (-13)/5 + (-2)/5. Let q be 1/i + (-32)/(-6). Suppose 2*f = -5*a + 97, -q*f - 62 = -2*a - 0. Is a a multiple of 12?
False
Suppose -2*r + 158 = 14. Does 7 divide r?
False
Let b(g) = -g**3 + 4*g**2 + 5*g + 4. Let t be b(5). Let o = t + 1. Suppose -o*n + 2*q + 39 = 0, -3*n + 4*q = -22 - 7. Does 6 divide n?
False
Suppose -4*d + 0*l + 231 = -3*l, -d + 51 = -3*l. Is d a multiple of 10?
True
Let y(w) = w**2 + 8*w + 8. Is 15 a factor of y(-10)?
False
Let j(c) be the second derivative of 4/3*c**3 + c + 1/6*c**4 + 0 - 3*c**2. Is 5 a factor of j(-6)?
False
Let b(p) = -2*p - 11. Let u be b(-11). Suppose 0 = -5*a + u + 4. Let n(y) = -y**3 + 5*y**2 + y + 1. Does 11 divide n(a)?
True
Let r(v) = -v**2 + 19*v - 32. Is r(15) a multiple of 4?
True
Suppose 0 = 5*z - 0*z - 30. Let k(p) = -p**3 + 7*p**2 + 3. Is 13 a factor of k(z)?
True
Let w(l) = -200*l + 1. Let j be w(-1). Suppose -j = -5*d + 14. Is 19 a factor of d?
False
Let r = -11 - -99. Does 11 divide r?
True
Let t(u) be the first derivative of -u**4/4 + 2*u**3 - 7*u**2/2 + 6*u + 5. Let w be 4*(-2)/(-20)*10. Is t(w) a multiple of 4?
False
Suppose n = -u + 6, 0 = -7*u + 2*u + 25. Suppose 0 = 4*y + 5*t - 107, -n = 4*y + 3*t - 110. Suppose -3*l + 112 = y. Does 13 divide l?
False
Suppose 1 = w + 5. Let k be (-66)/w - 2/(-4). Suppose -4*a = -39 - k. Is 5 a factor of a?
False
Suppose 61 = -2*x + 285. Does 8 divide x?
True
Let h(s) = 17*s**3 + s. Suppose 3*r - 6*r = -4*k - 7, -k = 4*r - 3. Is h(r) a multiple of 15?
False
Let k = -19 - -18. Suppose 2 + 1 = -3*q. Is q + 4 + k + 28 a multiple of 11?
False
Let s be 11*1 - (2 + 0). Is ((-168)/s)/(-2)*3 a multiple of 14?
True
Let i = -46 - -32. Is (-52)/i + (-8)/(-28) even?
True
Let y be 1*13*-3 - -2. Let k = y - -63. Suppose -4*s + 2*w - k = -196, -5*w + 95 = 3*s. Is 20 a factor of s?
True
Suppose 0 = 5*j - n - 153, 5*n = -13 - 2. Is j a multiple of 6?
True
Let h(b) = -11*b - 1. Is 2 a factor of h(-1)?
True
Let c(o) = -o - 11. Let j be c(0). Let b = j - -25. Is b a multiple of 14?
True
Suppose k + 8 + 11 = 4*i, 5*i - 24 = k. Let n = k - 2. Does 2 divide (-2 - n)*2 + 7?
False
Let j(c) = -5*c**2 + 8*c - 14. Let p(h) = -h**2 - h. Let a(z) = j(z) - 4*p(z). Let i be a(10). Let r = 28 - i. Does 8 divide r?
False
Is 2 a factor of (12*-1)/(-3) + 2?
True
Suppose o = 3*l - 20, 0*o = -l - o. Suppose -l*q + 3*f = 2*f - 646, 5*q + 5*f = 670. Suppose 1 = -3*u + q. Does 12 divide u?
False
Let u(o) = o + 2. Let j be u(2). Suppose 0 = i + j*i. Suppose -l - 3 + 8 = i. Does 5 divide l?
True
Suppose -14 = 5*f - 74. Does 12 divide f?
True
Let f(d) = 3*d**2 + 4. Is 12 a factor of f(2)?
False
Suppose 7 - 1 = i. Suppose d - 470 = i*d. Let j = -45 - d. Is 18 a factor of j?
False
Let x = 79 + -56. Is x a multiple of 5?
False
Let o be (-2)/((-4)/(-2))*1. Is 3*12/(o/(-1)) a multiple of 26?
False
Suppose 0 = -6*l + 226 + 494. Does 16 divide l?
False
Let b(y) be the third derivative of y**4/24 - y**3/2 + y**2. Let g be (14/4)/((-11)/2 - -6). Is b(g) a multiple of 4?
True
Suppose -2*h - 4 = 2*h - 5*g, -36 = -5*h - 4*g. Let y = h + -1. Suppose y*t = 2*t + 43. Does 19 divide t?
False
Suppose -2*v - 5 = -k, -2 - 3 = -v - k. Suppose -7*r + 2*r + 10 = v. Does 6 divide r/(-4) - (-39)/6?
True
Let h be 36/(-3)*(-2)/(-3). Let m = 13 + h. Suppose -m = t - u - 6, 0 = t + 4*u - 16. Does 4 divide t?
True
Let f = -85 - -128. Is 12 a factor of f?
False
Let